- 3) + 0 + 0 + 14?
11
4 - (3 - (6 - -3))
10
Calculate -6 + 12 + 2 + -1 + -6 + 4.
5
-10 + (-10 - (-33 - 6 - -9))
10
What is the value of -7 + 34 + -7 - (7 + -1)?
14
-7 + (9 - -7) + -24 + 1
-14
What is the value of -2 + 8 + -9 + -3 + 1 + 17?
12
Calculate -8 + 3 + -3 - (-59 + 64).
-13
-13 + (1 + 3 - -13)
4
What is the value of 96 + -80 - (23 - 0)?
-7
Evaluate (76 - 98) + -2 + 42.
18
(12 - 0) + 2 + (-10 - -7) + -5
6
What is -25 + (4 - -1) + 46?
26
-2 + (5 + -4 - 3) - 6
-10
Evaluate -26 + 10 - -2 - -1.
-13
(-3 - -13) + (-5 - 8) - 15
-18
Calculate 0 - (-4 + 15) - -13.
2
What is the value of -5 + (10 - 28) - -10?
-13
Evaluate -6 - (-18 + 0 + (21 - 17)).
8
What is the value of -17 + (31 - 13) + (13 - -20)?
34
Calculate -20 + (-7 - -15) - 4 - (2 + 0).
-18
Calculate 10 + -13 + 9 + -20.
-14
Calculate 5 + 12 + -30 - -23.
10
What is the value of -4 + (0 - -1) + 494 + -485?
6
What is the value of 9 - -1 - (-7 - (11 - 23))?
5
Calculate 1 + (-11 + 6 - -10).
6
What is -19 + 2 + -13 + 14 + -1 + -7?
-24
Calculate (13 - 26) + 6 - (-7 - (-3 + 1)).
-2
What is the value of -10 + 8 + 4 + -2 + 0?
0
(14 + 0 + -2 - -5) + -38
-21
Evaluate (4 - (-21 + -5)) + -47.
-17
(72 + -34 - 32) + 1 + 0
7
What is (-1 - 16) + 8 + -3 + 0?
-12
Calculate -28 + 28 - (2 + 32 + -2).
-32
Calculate -5 + -1 + (12 + -6 + 0 - 4).
-4
What is the value of 24 + (-2 - -4) + -7 - -1?
20
What is the value of 1 - 40 - (12 + 60 + -84)?
-27
What is the value of 7 - ((-14 - -15) + 10)?
-4
What is the value of -7 + (-4 - 2) + (-35 - -40)?
-8
Evaluate -14 + (18 - -16 - 22).
-2
What is (-13 - (3 + -11)) + (9 - 0) + -4?
0
What is 11 + (23 + -41 - -31)?
24
Evaluate 14 + (-4 - (2 - 11)) + (0 - 8).
11
Calculate (5 - 34) + 13 - -13.
-3
What is the value of -2 + -13 + 1 + 14 - 9?
-9
What is (-22 - -34) + -9 + -2 + (-25 - 1)?
-25
-73 + 19 + 19 - (1 + -11)
-25
What is the value of 21 + -1 - (57 - (-36 + 35))?
-38
Evaluate 26 + (15 - 43) + -13 + 1.
-14
What is -5 + 3 + 0 - (12 - (-7 + 7))?
-14
Calculate 1 + -31 + 45 - 3.
12
What is the value of (459 - 478) + 9 + 1?
-9
-7 - (12 - 11 - 3 - -3)
-8
What is -2 + (-2 - -1) + -1 + (799 - 806)?
-11
Calculate -20 + -23 + 20 + (-1 - -3).
-21
What is (-70 - -101) + (-4 - 52)?
-25
What is 7 + -7 + 1 + -1 + (12 - 2)?
10
What is the value of 6 - -7 - (8 + 1) - (0 + 19)?
-15
Evaluate -4 + 43 + -47 - (2 + 0 + 2).
-12
What is (-2 - 1) + (-2 - -22) + (0 - -6)?
23
What is -6 + (7 - 1 - (6 - -1))?
-7
What is the value of 13 - (-2 + -21) - 17?
19
Evaluate 8 + -34 + (4 - (-1 + 2 - 1)).
-22
1 + (12 - 20 - (-14 + 5 + 0))
2
What is the value of -14 - -19 - (-2 + 2) - 12?
-7
What is -21 + (-6 - -21) - (1 + -1)?
-6
What is the value of 84 + -87 - (17 - (9 + -5))?
-16
What is the value of (-40 + 43 - (3 - -9) - -8) + -17?
-18
Calculate -20 - ((-4 - (-18 + -1)) + -34).
-1
Calculate -4 - (16 + -2 - (-99 + 122)).
5
Evaluate 1 - (1 - -2 - -10).
-12
What is (1 - (-10 + (6 - -7))) + 1?
-1
(18 - 1 - (11 - -14)) + 17
9
6 + 74 + -93 + (0 - -1 - -5)
-7
What is the value of 5 + (17 - (-5 + 8) - (-5 + 6))?
18
What is -12 + 6 + -8 + (2 - -4)?
-8
What is 7 - ((-10 - 12) + 12)?
17
Calculate 3 + 2 - -5 - (74 + -47).
-17
Calculate -18 + 10 + 29 - 13.
8
Calculate -27 - (-45 + 59 + -10).
-31
What is the value of 5 + 0 + 2 + -127 + 144?
24
Calculate (4 - 5 - (-39 + 40)) + 0 + 1.
-1
What is the value of (-3 - -23) + -28 + 18?
10
What is the value of -2 + (4 - 5 - (0 + 6 + -3))?
-6
Evaluate -1 + 0 - -5 - (3 - (4 - 0)).
5
Calculate -3 - -30 - (-26 + (21 - -16)).
16
What is -14 - (-4 - (-7 - -3))?
-14
Evaluate 7 - -3 - (-13 + 5 + 10 + 4).
4
Evaluate (-12 - -10 - 5) + 2.
-5
What is the value of (4 - 3) + (-12 - -14)?
3
Calculate 7 - (-5 + -2) - 15.
-1
Calculate -8 + (8 - 4) + -9 + (3 - 1).
-11
Calculate 0 + 8 + -4 + 2 - (1 - 3).
8
What is 19 - (11 + -18 + 14)?
12
Evaluate (12 + -24 - -13) + -19.
-18
What is the value of (29 - 2) + (-2 - 1 - 4 - 0)?
20
What is -10 + 8 - ((10 - 15) + 1 + 10)?
-8
What is the value of 26 - ((0 - 9) + 19)?
16
Calculate (1 - (-4 + -2)) + -4 + -1 + -1.
1
What is -13 + 16 - (5 + 2 + -1)?
-3
92 + 10 + -40 - 40
22
Calculate -27 + (-7 - (-1 + 0 - (26 - 22))).
-29
What is -2 - (1 + -12 - -10)?
-1
What is 11 - (25 - 2 - 40)?
28
12 + (-3 - 10) + -2 - -7
4
What is 1 + 11 + -12 + (1 + -5 - 0)?
-4
Evaluate (-24 - -20) + (-2 - 4) - -4.
-6
Evaluate 31 + -17 + -18 + (2 - (2 - 22)).
18
Calculate -31 - -6 - 29 - -31.
-23
What is the value of (21 + -16 - 21) + 1 + 14?
-1
What is the value of 27 + -14 + (-3 - (0 + 1 - -2))?
7
Evaluate -96 + 70 + (-1 - -17).
-10
Evaluate (1 - 5 - (42 - 20)) + 12.
-14
What is the value of -5 + 6 + 1 + 8?
10
What is the value of 8 + -9 + (-2 - -7) - -7?
11
What is 21 + -12 + (-3 - -16) + -8?
14
What is the value of 7 - ((-8 - -9) + -7 - -7 - -4)?
2
What is -67 + -17 + 58 - (-2 - (1 + -8))?
-31
What is the value of 24 + (22 - 75) - -25?
-4
What is -5 - (-14 + 25 + -10 + 1)?
-7
(1 - 8) + (6 - (16 - 4))
-13
Calculate 7 - (13 + 7 + -15).
2
Evaluate 112 + -113 + -3 + -2.
-6
Calculate (0 - (-2 - 0)) + 9 - (-112 - -117).
6
What is -4 - ((4 - 18) + 17)?
-7
Calculate -12 - (-1 - -11) - -13 - -35.
26
What is the value of 13 + -2 + -2 + 6?
15
Calculate 5 + 2 + (5 - -4) - 11.
5
Evaluate 3 + (4 - -5 - (0 + 1)).
11
What is 14 - (-7 - ((9 + -8 - 5) + -6))?
11
What is 2 + -8 + (-21 - -6) + -4 - 3?
-28
Calculate -12 - (2 + -1 + 3 + -227 + 231).
-20
What is -1 + 1 - (42 - (36 - -12))?
6
Evaluate 1 + (-3 - (-1 + -3) - 0).
2
Evaluate (134 - 82) + -48 - (1 + -23 + 0).
26
What is the value of 2 + -8 + (-8 - (0 + 2) - -4)?
-12
Calculate 17 + (-3 + 0 - 3 - (-26 - -23)).
14
8 + -8 - (-9 - -12)
-3
10 + (-9 - (5 + 8))
-12
33 + -6 + (-20 - 35)
-28
Calculate (-5 - -1) + -13 + -1 + 3 + 14.
-1
Calculate -3 + 8 - -2 - 12.
-5
What is the value of 9 + (-1 - 0) + -166 + 179?
21
What is (0 - (-8 + 5 + -3 + 6)) + 4?
4
What is the value of -307 - -290 - (-26 - 2)?
11
Evaluate 26 + -19 + 5 - 15.
-3
1 + -12 + (2 - (5 - 6))
-8
What is (-10 - 27) + 24 - 17?
-30
Calculate -19 - (7 + -15) - 1.
-12
What is the value of -4 + 7 + 2 - (-7 - (-3 - -3))?
12
Calculate (-4 - (-22 + -12)) + -61.
-31
Calculate (6 - 2) + -6 + 3.
1
-39 + (-14 - 11 - -37)
-27
What is 4 + 2 - -2 - (5 + -9)?
12
3 - (14 + (15 - 36))
10
Calculate -1 + -1 + -4 - (65 - (50 - -31)).
10
What is the value of -9 + 11 + -8 - 10 - (-6 - 0)?
-10
Evaluate -5 + 1 + -18 + 30 - -5.
13
What is the value of -1 - (1 - 5) - (-6 + 5 - -2)?
2
Evaluate -11 + 4 + 13 + 7 + 0 + -4.
9
Evaluate 8 - ((15 - -2) + 19 + -10).
-18
What is the value of 43 + -59 - (-1 - -1) - -6?
-10
Calculate 13 + (-58 - 4) + 27.
-22
Evaluate 194 + -188 - (-2 + 1).
7
25 + 34 + -110 + 38
-13
What is (-34 - -46 - 28) + 1 + -1?
-16
Calculate 1 + (5 - 18) + 1 + 24.
13
What is the value of (-6 - -18) + 2 + -20?
-6
(0 - 1) + 2 + (-18 - -13) + -1
-5
Evaluate -21 + 3 + (4 - -9) + 6.
1
Calculate -6 - (23 - (8 - -18 - 13)).
-16
Calculate (3 - (-15 + 8 + 2)) + -2.
6
Calculate 22 - 12 - (-2 - -8).
4
What is 10 - (6 - (-14 + 8))?
-2
(13 - 18) + 4 - (-3 + -3)
5
Evaluate 3 + 19 + (4 - 14).
12
What is the value of 1 + (3 - 6) - (60 - 58)?
-4
What is (-3 - (-14 + (9 - 2))) + -11?
-7
What is the value of -8 + (3 - 0) + 8 - (12 + 4)?
-13
Evaluate 14 + (0 + -6 - -1) + 1 + -7.
3
What is the value of (2 - 4 - -11) + -21?
-12
What is 2 + -9 + -11 + 14?
-4
Calculate 5 + (9 - 6) + -8 + -1 + 6.
5
-12 + -8 + (-2 - -6)
-16
What is the value of -4 + 4 + 3 + -16?
-13
(3 + -4 - (1 - 4)) + -6 + -1
-5
Evaluate -23 - -19 - (1 + -16).
11
What is the value of 17 - 32 - (-13 + 23)?
-25
What is (-3 - -36) + (-101 - -52)?
-16
What is the value of -8 - -32 - (11 - -11)?
2
Evaluate 297 - 292 - (7 - 5 - (4 - 2)).
5
Evaluate -9 + 0 + (-16 + 27 - 11).
-9
Evaluate -22 + (-1 - -15) + (-13 - -2).
-19
Evaluate (-99 + 99 - (1 + -10)) + -3.
6
Calculate -1 - (-6 - (-8 - -3 - (-6 + 10))).
-4
Calculate -3 + -4 - (-17 - (-23 + 26)).
13
Calculate 19 - (3 + (8 - 1)).
9
Calculate -190 - -188 - (-1 - (-2 - -1)).
-2
Evaluate 23 - (5 + 15 + -6) - (1 - 8).
16
What is the value of 11 + 6 + -7 - (15 + 15 - -13)?
-33
Evaluate 6 - -34 - (25 - -15).
0
-1 + 2 - (41 + -96 + 49)
7
Evaluate -3 + 15 - 2 - (126 - 103).
-13
What is the value of (-11 - (-33 - -15)) + -7 - (-1 - -2)?
-1
39 - (14 - (-28 - -15))
12
What is the value of (-14 + 2 - -15) + -7 + (-1 - -15)?
10
